{"id":724,"date":"2025-01-03T15:10:36","date_gmt":"2025-01-03T15:10:36","guid":{"rendered":"https:\/\/www.kk-webdesign.eu\/?page_id=724"},"modified":"2026-02-03T14:26:09","modified_gmt":"2026-02-03T14:26:09","slug":"seo-optimalizace","status":"publish","type":"page","link":"https:\/\/web.kkwebdesign.cz\/?page_id=724","title":{"rendered":"SEO optimalizace"},"content":{"rendered":"\t\t<div data-elementor-type=\"wp-page\" data-elementor-id=\"724\" class=\"elementor elementor-724\">\n\t\t\t\t<div class=\"elementor-element elementor-element-16ee473e e-con-full e-flex e-con e-parent\" data-id=\"16ee473e\" data-element_type=\"container\" data-e-type=\"container\" data-settings=\"{&quot;background_background&quot;:&quot;gradient&quot;}\">\n\t\t<div class=\"elementor-element elementor-element-38ac779a e-flex e-con-boxed elementor-invisible e-con e-child\" data-id=\"38ac779a\" data-element_type=\"container\" data-e-type=\"container\" data-settings=\"{&quot;animation&quot;:&quot;slideInUp&quot;,&quot;animation_delay&quot;:150}\">\n\t\t\t\t\t<div class=\"e-con-inner\">\n\t\t<div class=\"elementor-element elementor-element-62c2fb19 e-con-full e-flex e-con e-child\" data-id=\"62c2fb19\" data-element_type=\"container\" data-e-type=\"container\">\n\t\t\t\t<div class=\"elementor-element elementor-element-6bde0f7f elementor-widget elementor-widget-heading\" data-id=\"6bde0f7f\" data-element_type=\"widget\" data-e-type=\"widget\" data-widget_type=\"heading.default\">\n\t\t\t\t\t<div class=\"elementor-heading-title elementor-size-default\">\ud83d\udcbb<\/div>\t\t\t\t<\/div>\n\t\t\t\t<div class=\"elementor-element elementor-element-76306b7d elementor-widget elementor-widget-heading\" data-id=\"76306b7d\" data-element_type=\"widget\" data-e-type=\"widget\" data-widget_type=\"heading.default\">\n\t\t\t\t\t<h2 class=\"elementor-heading-title elementor-size-default\">Slu\u017eby<\/h2>\t\t\t\t<\/div>\n\t\t\t\t<\/div>\n\t\t\t\t\t<\/div>\n\t\t\t\t<\/div>\n\t\t\t\t<\/div>\n\t\t<div class=\"elementor-element elementor-element-77df8571 e-flex e-con-boxed elementor-invisible e-con e-parent\" data-id=\"77df8571\" data-element_type=\"container\" data-e-type=\"container\" data-settings=\"{&quot;animation&quot;:&quot;fadeInUp&quot;}\">\n\t\t\t\t\t<div class=\"e-con-inner\">\n\t\t<div class=\"elementor-element elementor-element-74c42e30 e-con-full e-flex e-con e-child\" data-id=\"74c42e30\" data-element_type=\"container\" data-e-type=\"container\">\n\t\t\t\t<div class=\"elementor-element elementor-element-4944e889 elementor-widget elementor-widget-text-editor\" data-id=\"4944e889\" data-element_type=\"widget\" data-e-type=\"widget\" data-widget_type=\"text-editor.default\">\n\t\t\t\t\t\t\t\t\t<p>Chcete, aby v\u00e1\u0161 web z\u00edskal v\u00edce n\u00e1v\u0161t\u011bvn\u00edk\u016f, ale nev\u00edte, kde za\u010d\u00edt? SEO optimalizace je kl\u00ed\u010dem k tomu, aby v\u00e1s vyhled\u00e1va\u010de jako Google nebo Seznam l\u00e9pe ch\u00e1paly a zobrazovaly na vy\u0161\u0161\u00edch pozic\u00edch. Dob\u0159e optimalizovan\u00fd web p\u0159itahuje nov\u00e9 z\u00e1kazn\u00edky, proto\u017ee je snadno dohledateln\u00fd. Nez\u00e1le\u017e\u00ed jen na designu, ale na tom, jak snadno v\u00e1s potenci\u00e1ln\u00ed klienti najdou online.<\/p><p>\u00a0<\/p>\t\t\t\t\t\t\t\t<\/div>\n\t\t\t\t<\/div>\n\t\t<div class=\"elementor-element elementor-element-30b0c0df e-con-full e-flex e-con e-child\" data-id=\"30b0c0df\" data-element_type=\"container\" data-e-type=\"container\">\n\t\t\t\t<div class=\"elementor-element elementor-element-a0ef9c8 elementor-widget elementor-widget-lottie\" data-id=\"a0ef9c8\" data-element_type=\"widget\" data-e-type=\"widget\" data-widget_type=\"lottie.default\">\n\t\t\t\t<div class=\"elementor-widget-container\">\n\t\t\t\t\t \t\t\t\t<\/div>\n\t\t\t\t<\/div>\n\t\t\t\t<\/div>\n\t\t\t\t\t<\/div>\n\t\t\t\t<\/div>\n\t\t<div class=\"elementor-element elementor-element-2e4627ac e-flex e-con-boxed elementor-invisible e-con e-parent\" data-id=\"2e4627ac\" data-element_type=\"container\" data-e-type=\"container\" data-settings=\"{&quot;animation&quot;:&quot;fadeInUp&quot;}\">\n\t\t\t\t\t<div class=\"e-con-inner\">\n\t\t<div class=\"elementor-element elementor-element-4da60634 e-con-full e-flex e-con e-child\" data-id=\"4da60634\" data-element_type=\"container\" data-e-type=\"container\">\n\t\t\t\t<div class=\"elementor-element elementor-element-7f4e9944 elementor-widget elementor-widget-lottie\" data-id=\"7f4e9944\" data-element_type=\"widget\" data-e-type=\"widget\" data-widget_type=\"lottie.default\">\n\t\t\t\t<div class=\"elementor-widget-container\">\n\t\t\t\t\t \t\t\t\t<\/div>\n\t\t\t\t<\/div>\n\t\t\t\t<\/div>\n\t\t<div class=\"elementor-element elementor-element-5a37b4c1 e-con-full e-flex e-con e-child\" data-id=\"5a37b4c1\" data-element_type=\"container\" data-e-type=\"container\">\n\t\t\t\t<div class=\"elementor-element elementor-element-cdf6e9d elementor-widget elementor-widget-text-editor\" data-id=\"cdf6e9d\" data-element_type=\"widget\" data-e-type=\"widget\" data-widget_type=\"text-editor.default\">\n\t\t\t\t\t\t\t\t\t<div class=\"flex max-w-full flex-col flex-grow\"><div class=\"min-h-8 text-message flex w-full flex-col items-end gap-2 whitespace-normal break-words text-start [.text-message+&amp;]:mt-5\" dir=\"auto\" data-message-author-role=\"assistant\" data-message-id=\"67c23749-ecd5-4b45-90fb-5e6bea91cd8e\" data-message-model-slug=\"gpt-4o\"><div class=\"flex w-full flex-col gap-1 empty:hidden first:pt-[3px]\"><div class=\"markdown prose w-full break-words dark:prose-invert light\"><p>SEO nen\u00ed jednor\u00e1zov\u00e1 z\u00e1le\u017eitost, ale dlouhodob\u00fd proces, kter\u00fd p\u0159in\u00e1\u0161\u00ed trval\u00e9 v\u00fdsledky. Dob\u0159e nastaven\u00e1 SEO strategie zajist\u00ed, \u017ee v\u00e1\u0161 web bude konkurenceschopn\u00fd i za n\u011bkolik let. To zahrnuje optimalizaci obsahu, technick\u00e9 nastaven\u00ed webu a budov\u00e1n\u00ed zp\u011btn\u00fdch odkaz\u016f. Investice do SEO je investic\u00ed do budoucnosti va\u0161eho podnik\u00e1n\u00ed.<\/p><p>\u00a0<\/p><\/div><\/div><\/div><\/div>\t\t\t\t\t\t\t\t<\/div>\n\t\t\t\t<\/div>\n\t\t\t\t\t<\/div>\n\t\t\t\t<\/div>\n\t\t<div class=\"elementor-element elementor-element-c2637e7 e-flex e-con-boxed e-con e-parent\" data-id=\"c2637e7\" data-element_type=\"container\" data-e-type=\"container\">\n\t\t\t\t\t<div class=\"e-con-inner\">\n\t\t<div class=\"elementor-element elementor-element-5da784b1 e-con-full e-flex e-con e-child\" data-id=\"5da784b1\" data-element_type=\"container\" data-e-type=\"container\">\n\t\t<div class=\"elementor-element elementor-element-64f9f869 e-con-full e-flex e-con e-child\" data-id=\"64f9f869\" data-element_type=\"container\" data-e-type=\"container\">\n\t\t\t\t<div class=\"elementor-element elementor-element-603ca740 elementor-widget elementor-widget-heading\" data-id=\"603ca740\" data-element_type=\"widget\" data-e-type=\"widget\" data-widget_type=\"heading.default\">\n\t\t\t\t\t<div class=\"elementor-heading-title elementor-size-default\">\ud83d\udcc4<\/div>\t\t\t\t<\/div>\n\t\t\t\t<div class=\"elementor-element elementor-element-1f94a2ef elementor-widget elementor-widget-heading\" data-id=\"1f94a2ef\" data-element_type=\"widget\" data-e-type=\"widget\" data-widget_type=\"heading.default\">\n\t\t\t\t\t<h2 class=\"elementor-heading-title elementor-size-default\">Ot\u00e1zky &amp; Odpov\u011bdi<\/h2>\t\t\t\t<\/div>\n\t\t\t\t<\/div>\n\t\t\t\t<\/div>\n\t\t<div class=\"elementor-element elementor-element-2f906e6e e-con-full e-flex e-con e-child\" data-id=\"2f906e6e\" data-element_type=\"container\" data-e-type=\"container\">\n\t\t<div class=\"elementor-element elementor-element-3a2814f6 e-con-full e-flex e-con e-child\" data-id=\"3a2814f6\" data-element_type=\"container\" data-e-type=\"container\">\n\t\t\t\t<div class=\"elementor-element elementor-element-499a404e elementor-widget__width-initial elementor-widget elementor-widget-heading\" data-id=\"499a404e\" data-element_type=\"widget\" data-e-type=\"widget\" data-widget_type=\"heading.default\">\n\t\t\t\t\t<p class=\"elementor-heading-title elementor-size-default\">01<\/p>\t\t\t\t<\/div>\n\t\t\t\t<\/div>\n\t\t<div class=\"elementor-element elementor-element-1600416b e-con-full e-flex e-con e-child\" data-id=\"1600416b\" data-element_type=\"container\" data-e-type=\"container\">\n\t\t\t\t<div class=\"elementor-element elementor-element-37641540 elementor-widget__width-initial elementor-widget elementor-widget-heading\" data-id=\"37641540\" data-element_type=\"widget\" data-e-type=\"widget\" data-widget_type=\"heading.default\">\n\t\t\t\t\t<p class=\"elementor-heading-title elementor-size-default\">02<\/p>\t\t\t\t<\/div>\n\t\t\t\t<\/div>\n\t\t<div class=\"elementor-element elementor-element-43a7e3aa e-con-full e-flex e-con e-child\" data-id=\"43a7e3aa\" data-element_type=\"container\" data-e-type=\"container\">\n\t\t\t\t<div class=\"elementor-element elementor-element-4c7f9d9a elementor-widget__width-initial elementor-widget elementor-widget-heading\" data-id=\"4c7f9d9a\" data-element_type=\"widget\" data-e-type=\"widget\" data-widget_type=\"heading.default\">\n\t\t\t\t\t<p class=\"elementor-heading-title elementor-size-default\">03<\/p>\t\t\t\t<\/div>\n\t\t\t\t<\/div>\n\t\t<div class=\"elementor-element elementor-element-e9a1135 e-con-full e-flex e-con e-child\" data-id=\"e9a1135\" data-element_type=\"container\" data-e-type=\"container\">\n\t\t\t\t<div class=\"elementor-element elementor-element-7ae3c5d6 elementor-widget__width-initial elementor-widget elementor-widget-heading\" data-id=\"7ae3c5d6\" data-element_type=\"widget\" data-e-type=\"widget\" data-widget_type=\"heading.default\">\n\t\t\t\t\t<p class=\"elementor-heading-title elementor-size-default\">04<\/p>\t\t\t\t<\/div>\n\t\t\t\t<\/div>\n\t\t<div class=\"elementor-element elementor-element-dfca601 e-con-full e-flex e-con e-child\" data-id=\"dfca601\" data-element_type=\"container\" data-e-type=\"container\">\n\t\t\t\t<div class=\"elementor-element elementor-element-3f927485 elementor-widget__width-initial elementor-widget elementor-widget-heading\" data-id=\"3f927485\" data-element_type=\"widget\" data-e-type=\"widget\" data-widget_type=\"heading.default\">\n\t\t\t\t\t<p class=\"elementor-heading-title elementor-size-default\">05<\/p>\t\t\t\t<\/div>\n\t\t\t\t<\/div>\n\t\t<div class=\"elementor-element elementor-element-35146ccc e-con-full e-flex e-con e-child\" data-id=\"35146ccc\" data-element_type=\"container\" data-e-type=\"container\">\n\t\t\t\t<div class=\"elementor-element elementor-element-67cc73d elementor-widget__width-initial elementor-widget elementor-widget-heading\" data-id=\"67cc73d\" data-element_type=\"widget\" data-e-type=\"widget\" data-widget_type=\"heading.default\">\n\t\t\t\t\t<p class=\"elementor-heading-title elementor-size-default\">06<\/p>\t\t\t\t<\/div>\n\t\t\t\t<\/div>\n\t\t\t\t<\/div>\n\t\t\t\t\t<\/div>\n\t\t\t\t<\/div>\n\t\t\t\t<\/div>\n\t\t","protected":false},"excerpt":{"rendered":"<p>? Slu\u017eby SEO optimalizace Zajist\u011bte si vy\u0161\u0161\u00ed pozice ve vyhled\u00e1va\u010d\u00edch a p\u0159it\u00e1hn\u011bte v\u00edce z\u00e1kazn\u00edk\u016f d\u00edky profesion\u00e1ln\u00ed SEO optimalizaci. Uka\u017ete se na prvn\u00ed str\u00e1nce Chcete, aby v\u00e1\u0161 web z\u00edskal v\u00edce n\u00e1v\u0161t\u011bvn\u00edk\u016f, ale nev\u00edte, kde za\u010d\u00edt? SEO optimalizace je kl\u00ed\u010dem k tomu, aby v\u00e1s vyhled\u00e1va\u010de jako Google nebo Seznam l\u00e9pe ch\u00e1paly a zobrazovaly na vy\u0161\u0161\u00edch pozic\u00edch. Dob\u0159e [&hellip;]<\/p>\n","protected":false},"author":1,"featured_media":0,"parent":0,"menu_order":0,"comment_status":"closed","ping_status":"closed","template":"elementor_header_footer","meta":{"_acf_changed":false,"footnotes":""},"class_list":["post-724","page","type-page","status-publish","hentry"],"acf":[],"_links":{"self":[{"href":"https:\/\/web.kkwebdesign.cz\/index.php?rest_route=\/wp\/v2\/pages\/724","targetHints":{"allow":["GET"]}}],"collection":[{"href":"https:\/\/web.kkwebdesign.cz\/index.php?rest_route=\/wp\/v2\/pages"}],"about":[{"href":"https:\/\/web.kkwebdesign.cz\/index.php?rest_route=\/wp\/v2\/types\/page"}],"author":[{"embeddable":true,"href":"https:\/\/web.kkwebdesign.cz\/index.php?rest_route=\/wp\/v2\/users\/1"}],"replies":[{"embeddable":true,"href":"https:\/\/web.kkwebdesign.cz\/index.php?rest_route=%2Fwp%2Fv2%2Fcomments&post=724"}],"version-history":[{"count":0,"href":"https:\/\/web.kkwebdesign.cz\/index.php?rest_route=\/wp\/v2\/pages\/724\/revisions"}],"wp:attachment":[{"href":"https:\/\/web.kkwebdesign.cz\/index.php?rest_route=%2Fwp%2Fv2%2Fmedia&parent=724"}],"curies":[{"name":"wp","href":"https:\/\/api.w.org\/{rel}","templated":true}]}}